.
2
Calculate the remainder when 78 is divided by 96/80*(-200)/(-6).
38
Let f be 2256/40 + (-4)/10. Let t = f - 31. Calculate the remainder when t is divided by 14.
11
Let c(t) = 15*t**2 - 9*t**2 + 0 + 3 + t**2. Calculate the remainder when c(-2) is divided by (-3)/9 + (-34)/(-3).
9
Let j be (-4 - -2)/((-8)/28). Let m = 12 - j. What is the remainder when 14 is divided by m?
4
Suppose 0 = 7*y - 120 - 377. Suppose 3*h + 11 = y. Let q = -7 - -45. Calculate the remainder when q is divided by h.
18
Let c(o) = -o**3 + 11*o**2 + o - 10. Let j be c(11). Suppose 2*u = 4*u. Calculate the remainder when (u + 4)/(2/j) is divided by 1.
0
Let s(j) = -j**3 - 4*j**2 + 8*j + 1. Let h = -32 - -104. Calculate the remainder when h is divided by s(-6).
22
Let y = -31 - -41. Suppose 2*w = w + 27. What is the remainder when w is divided by y?
7
Suppose -26 - 84 = -5*f. Suppose -f = -3*o + 14. What is the remainder when 47 is divided by o?
11
Let b = -14 - -30. Suppose 69 = 2*m - m - 4*k, 4*m - 234 = -5*k. Calculate the remainder when m is divided by b.
13
Let y(h) = h**3 - 7*h**2 + 7*h. Calculate the remainder when 11 is divided by y(6).
5
Suppose -2*n + 49 = -3*k, -2*n + 7 = 3*k - 36. Calculate the remainder when n is divided by (-3)/(-2)*16/3.
7
Let f = 153 - 89. Suppose -33 = -4*h + 55. What is the remainder when f is divided by h?
20
Suppose 3*p - 7*p = -16. Suppose 3*t - p*r = t + 46, 4*t = 4*r + 92. Calculate the remainder when t is divided by 13.
10
Suppose 20 = 3*i - 28. Let j = -319 + 381. What is the remainder when j is divided by i?
14
Let t be -6*(-3 - -3 - -1). What is the remainder when 63 is divided by (-6)/(-4)*(-88)/t?
19
Let f(d) = 4*d + 1. Suppose -n + 3 = -4*n. Let p be f(n). Calculate the remainder when 4/p*99/(-6) is divided by 12.
10
Suppose -2*z - 210 = -4*n, 0 = 6*z - 4*z - 6. Suppose 8 = -p + 3*d + n, 0 = p - 2*d - 41. What is the remainder when p is divided by 17?
14
Suppose 3*u - 10 = -o + 2, -2*u - o + 8 = 0. What is the remainder when 12 is divided by u?
0
Suppose 4 - 19 = -c. Let f(s) = -s**3 - 2 - 4 + 2*s**2 + 3 + 2. Calculate the remainder when f(-3) is divided by c.
14
Let l = -15 - -18. Suppose -39 = -l*s - 12. Calculate the remainder when s is divided by 4.
1
Let x(k) = 3*k - 2. Calculate the remainder when 62 is divided by x(6).
14
Suppose -7*s + 6*s + 32 = 0. Suppose 2*q + 3*q = -2*i + 115, -235 = -5*i - 2*q. Let r = i - s. What is the remainder when 36 is divided by r?
10
Let s = 72 - 64. Calculate the remainder when 61 is divided by s.
5
Calculate the remainder when 12/(-10)*(-320)/24 is divided by 3.
1
Let h(z) = 21*z - 3. Calculate the remainder when 123 is divided by h(1).
15
What is the remainder when 2/(4/(-214)*(1 + -2)) is divided by 18?
17
Suppose -5*l = -8*l. Suppose l = -i - 0 + 7. What is the remainder when 12 is divided by i?
5
Let a(z) = z**3 - 3*z**2 + 2*z + 2. Let j be a(2). Suppose 0 = -w - j*w + 108. Calculate the remainder when w is divided by 19.
17
Suppose q = 3*q - 14. Suppose -o = 3*x + q, -3*o - x + 3*x = -23. Let b(y) = -2*y**3 - 2*y**2 - y - 1. What is the remainder when b(-2) is divided by o?
4
Suppose t - 5 = -5*l, 0*t + 5*l + 10 = 2*t. Let m(x) = x - 10. Let h be m(11). Let s = 8 + h. Calculate the remainder when s is divided by t.
4
Suppose 5*k = -j, 0 = -3*j + k - 5*k. Suppose -3*x = -j*x. What is the remainder when 37 is divided by (17 - -4) + -2 + x?
18
Let l(u) = -u**2 + 4*u + 3. Let t be l(5). Suppose 2*m - s - 16 = 23, s = -4*m + 93. What is the remainder when m is divided by (3 - t)*(-8)/(-5)?
6
Suppose 0*q + 20 = q. Calculate the remainder when 38 is divided by q.
18
Let c(x) = -x**3 - 5*x**2 - 3*x - 3. Let w = -198 - -220. What is the remainder when w is divided by c(-5)?
10
Suppose 0 = -u + 6*u - 30. What is the remainder when 10 is divided by u?
4
Suppose -5*n - 112 = -4*z + 3, 4*z + 4*n - 88 = 0. Calculate the remainder when z is divided by 13.
12
Let h = 5 - 4. Suppose -a = -r - 9, -3*a - 13 = -2*r - 43. Calculate the remainder when (h + 0 - -20) + 2 is divided by a.
11
Suppose 5*o = 3*l + 1, -3*o + 4 = l - 5. Suppose -o*j = j. Suppose 2*h - 6 - 6 = j. Calculate the remainder when 10 is divided by h.
4
Let l = -12 - -14. Suppose 4*d + 13 = -7, 4*t = -4*d + 20. Suppose -3*n + 22 = 3*j - 7*j, 3*n - j - t = 0. Calculate the remainder when l is divided by n.
0
Let d(a) = -13*a**3 - 1. Suppose 5*y = -9 + 4. What is the remainder when 47 is divided by d(y)?
11
Suppose -102*t + 66 = -99*t. What is the remainder when 87 is divided by t?
21
Let n = -48 - -93. Suppose s - 6*s + n = 0. Suppose 0 = 4*i + s - 37. Calculate the remainder when 12 is divided by i.
5
Suppose 2*u + 2 - 48 = 0. Suppose 4*d + u = 5*d. Calculate the remainder when 68 is divided by d.
22
Let v(z) = z**3 + 4*z**2 - 16*z - 2. What is the remainder when 83 is divided by v(-6)?
17
Let y = 42 - 24. Suppose -3*b + 5 = -10. Suppose -b*p + 40 = -p. What is the remainder when y is divided by p?
8
Let d(j) = j + 8. What is the remainder when 29 is divided by d(8)?
13
Suppose -v = -2*v - 2. What is the remainder when (2 + -4 - v) + 22 is divided by -6 + 11 - (-1 + -2)?
6
Let a = -147 + 251. What is the remainder when a is divided by 35?
34
Suppose -3*y - 2*y + 20 = 0. What is the remainder when 4/(-6)*(-6)/y is divided by 1?
0
Suppose 5*y - p - 1268 = -2*p, y - 260 = 3*p. What is the remainder when y is divided by 51?
50
Suppose 0 = -c - 3 + 1. What is the remainder when (16/(-20))/(c/115) is divided by 24?
22
Let n(b) = 13*b + 1. Calculate the remainder when 111 is divided by n(1).
13
Suppose 4*z = 3 + 125. Suppose -z = -b + 20. What is the remainder when b is divided by 18?
16
Calculate the remainder when -135*(24/9 - 3) is divided by 23.
22
Suppose -5*o + 11*o = 306. What is the remainder when 150 is divided by o?
48
Let x = -12 - -23. Let u = 16 - 22. Let v = 26 + u. Calculate the remainder when v is divided by x.
9
Let w = -5 - -11. Let j = -2 - -6. What is the remainder when w is divided by j?
2
Suppose -2*u + 4*u = 4*j + 58, -4*j = 4*u + 52. What is the remainder when 7/(j/(-36)) - -3 is divided by 11?
10
Let k(j) = -j**3 - 4*j**2 + j + 2. Let z be k(-4). Let t = z - -15. What is the remainder when 25 is divided by t?
12
Suppose w + 4*w = -h - 3, 4*w = 4*h + 12. Suppose 5*t - t - 212 = w. Calculate the remainder when t is divided by 14.
11
Suppose -41 = -2*k - 1. Suppose 5*w + 34 = b, -k = 6*w - w. Calculate the remainder when 52 is divided by b.
10
Let h be -5 - -1*(0 + -1). Let x(g) = -g**2 - 8*g - 8. Let n = -6 + 13. Calculate the remainder when n is divided by x(h).
3
Suppose b + 31 = j + j, 4*b = -20. Calculate the remainder when 48 is divided by j.
9
Let f be ((-2)/5)/(2/(-20)). Suppose -f*y = -y + 12. What is the remainder when (y/5)/((-4)/20) is divided by 3?
1
Suppose 0 = n + u + 39, -u - 3*u = -n - 44. Let q = n + 21. Let s = q + 40. Calculate the remainder when 61 is divided by s.
19
Let s(n) = n**2. Let k be s(2). Suppose -3*q + 238 = 5*t + 48, k*q - 185 = -5*t. What is the remainder when t is divided by 15?
11
Suppose 0 = -3*b + 2 + 10. Let l = b - 2. What is the remainder when l is divided by 2?
0
Suppose 5*m = 923 - 163. Suppose -5*k - 37 = -m. Calculate the remainder when k is divided by 6.
5
Suppose -5*x = m + 11 + 1, -3*m + 15 = -2*x. Calculate the remainder when (-25)/(-3) + 2/m is divided by -2 + (-36)/(-7 + 1).
1
Let f(b) = b**2 - 3*b - 4. Calculate the remainder when 117 is divided by f(7).
21
Let p(f) = 2*f**2 - 2*f - 6. What is the remainder when p(-6) is divided by 27?
24
Let v(o) = 0 - 2*o - 1 + o**3 - 2 + o + 6*o**2. Calculate the remainder when v(-3) is divided by 14.
13
Let o(y) = 3*y**2 - 2 - 2*y + 1 + 2. What is the remainder when o(-3) is divided by 18?
16
Let w = 14 + 1. Suppose 2*a - 2*y - 2 = -4, -y + 9 = 3*a. Suppose h = -4*l + 51, -3*l + 221 = 7*h - a*h. What is the remainder when h is divided by w?
13
Let h = 32 - 13. Calculate the remainder when h is divided by 11.
8
Let b be (-3)/(-2)*(-128)/(-24). Let w = -7 + b. Let d(q) = -q**2 + 6*q + 8. What is the remainder when w is divided by d(7)?
0
Let z(l) = l**2 + 5*l + 19. What is the remainder when z(-8) is divided by 23?
20
Suppose 242 = 3*l + d, -4*l + 321 = -0*l + 3*d. Calculate the remainder when l is divided by 28.
25
Suppose -4*j 